pose -o = 4*h - 273 + 36, 2*h = o - 231. Let x = o + -207. Calculate the highest common divisor of 234 and x.
26
Suppose 0 = -12*p - 170 + 950. Suppose 42*w - 61 = p. Let m be -3 - -2*3 - -66. Calculate the greatest common divisor of m and w.
3
Suppose 0 = 4*k - 4*u - 184, -10*k - 4*u = -7*k - 110. Suppose 92 = y - 2*m - 23, -m = 3*y - 310. Calculate the highest common factor of y and k.
21
Suppose 5*p + 25 = -5*a, 4*p + 2 + 16 = -2*a. Let l be (p/8)/(1/(-320)). Calculate the highest common divisor of l and 40.
40
Let j = -746 - -1026. Suppose 2*o - 116 = -2*a - 0*o, 3*o - j = -5*a. What is the highest common divisor of 954 and a?
53
Let s = 157 - 156. Let r(q) = -20*q + 39. Let y be r(s). What is the highest common divisor of y and 19?
19
Let w be (-24)/(-5)*1045/57. Calculate the greatest common factor of 6754 and w.
22
Let b be 1175/11 - ((-1260)/330)/21. What is the highest common divisor of b and 23861?
107
Let g(n) = 358*n - 79. Let w be g(5). What is the highest common divisor of 87 and w?
29
Suppose 3*m = 31 - 19. Suppose 3*t - 250 = -s + 6*s, 2*s = -m. Calculate the greatest common divisor of t and 352.
16
Let o(h) = 5*h. Let c be o(5). Suppose 0 = 3*y + 9, -6*d = -4*d - 3*y + 13. Let g be 30/(-4 - ((5 - 0) + d)). What is the greatest common factor of c and g?
5
Let v be 50/(-18) - (-2)/(-9). Let p be 2*34*(-6)/v. Let g(j) = -j**3 - 31*j**2 + 17. Let w be g(-31). Calculate the greatest common factor of w and p.
17
Let m(b) = b**3 + 7*b**2 - 2*b + 5. Suppose -10*h - 48 = -4*h. Let s be m(h). Let n = -33 - s. What is the greatest common factor of n and 80?
10
Let d(n) = -n**2 - 10*n + 2. Let o be (-2 + 36/8)/((-3)/6). Let a be d(o). Let y be 19*1*(-20 + 21) - 1. Calculate the greatest common factor of y and a.
9
Suppose -4*d - q + 3*q = -5640, -4*d - q = -5628. Calculate the greatest common divisor of 66 and d.
22
Let a = 31 + 38. Let q = 680 + -473. What is the highest common divisor of q and a?
69
Let r(y) = -18*y - 10 + 8*y + 9*y. Let x be r(-11). Calculate the greatest common divisor of x and 7.
1
Suppose 2*w + 34 = 2*h, 3*h + 2*h + 4*w - 103 = 0. Let k be (31 - 10) + -15 + (15 - 2). What is the greatest common factor of h and k?
19
Suppose -8*u + 1844 = 948. What is the highest common divisor of u and 70?
14
Let y = -207 + 312. Let a = 106 - y. Suppose 2*x - 8 - 4 = 5*n, -5*x - 3 = 4*n. What is the greatest common factor of x and a?
1
Let t(u) = 6*u**2 + 11*u - 12. Let v(z) = z**2 - z - 1. Let m(f) = t(f) - 5*v(f). Let p be m(-18). Calculate the highest common factor of 319 and p.
29
Let n be (132/(-55))/((-1)/(-10)*-2). Let a be (-1 + -14)*2/5. Let o(u) = -u**3 - 6*u**2 - 2*u. Let w be o(a). Calculate the highest common factor of n and w.
12
Suppose -91 = -3*y + 2*v, 2*y + 4*v = 35 + 15. What is the greatest common divisor of 1 and y?
1
Let f be (-11)/99 - 38/(-18). Suppose 4*g = u - 64, f*u - 84 = -g - 2*g. Calculate the highest common divisor of 1104 and u.
48
Let y = 25 - 29. Let d(a) = -a**2 + 2. Let l be d(y). Let o be (12/l)/(19/(-798)). Calculate the highest common divisor of 24 and o.
12
Let n(g) = -6*g**3 - 36*g**2 - 135*g - 15. Let f be n(-4). Calculate the greatest common divisor of f and 1739.
37
Let y = -7957 + 12248. What is the greatest common factor of 7 and y?
7
Let s be 198/14 + (-360)/(-420). Let k = -546 + 86. Let h be 3/(-2)*k/69. What is the greatest common factor of h and s?
5
Let n(p) = 702*p - 15361. Let v be n(29). What is the greatest common factor of v and 789?
263
Let h = 3061 + -3012. Calculate the greatest common divisor of h and 10927.
49
Let s(i) = 570*i + 1 - 3 + 557*i - 387*i - 2. Let r be s(1). Calculate the greatest common divisor of 46 and r.
46
Let k = 311 - 302. Let m(f) = f**2 - 45. Let w be m(k). Calculate the highest common factor of w and 504.
36
Let u(f) = 4*f - 1. Let x be u(6). Let o be 2 + (-8)/6 - 355/15. Let t be o/7*(-49)/7. What is the highest common factor of x and t?
23
Suppose -3*u - 7450 = -5*m, -3*m - 18*u + 4470 = -23*u. What is the highest common divisor of 20 and m?
10
Let t = 9729 + -9722. Calculate the highest common factor of t and 242.
1
Suppose -12*u + 1009 = -1545 + 166. What is the highest common divisor of u and 11741?
199
Suppose -m + 5*x = 15, m + 2*x = 6 - 0. Suppose k - 114 + 18 = m. Calculate the highest common factor of 32 and k.
32
Let d = -4 + 9. Let a = d - -4. Let l be 12 + 8/(-4) + a/(-3). What is the greatest common factor of 7 and l?
7
Let j = -20249 + 26133. Calculate the greatest common divisor of 8 and j.
4
Suppose 97 = 2*f - 5*t, 13*t = f + 10*t - 51. Calculate the highest common divisor of f and 1368.
36
Let x = 659 + -364. Suppose -40*m + x = -37*m - 5*f, 5*m = -2*f + 533. What is the greatest common factor of 150 and m?
15
Suppose 1600 = 5*k + 3*y, 795 = 4*k - 2*y - 485. Calculate the greatest common factor of k and 70.
10
Suppose n = -0*n + 5. Suppose 8 = h + 5*p, -n*p + 29 = -h - h. Let w(m) = 3*m**2 + 11*m - 5. Let d be w(h). What is the highest common factor of d and 13?
13
Let s be (-6)/21 + (4380/(-14))/(-3). Suppose 4*z - 140 = s. Let n = z + -21. Calculate the greatest common factor of n and 60.
20
Let y be 7/(-4)*(-54 - -2). Let n(s) = 134*s + 34. Let l be n(-8). Let i be l/(-13) + 14/y. What is the greatest common factor of i and 20?
20
Let i = -185 + 249. Let d be (-21 - -15)*(-112)/3. Calculate the highest common factor of d and i.
32
Let l(x) be the first derivative of -x**4/4 - 20*x**3/3 - 19*x**2/2 + 28*x - 54. Let t be l(-19). What is the greatest common divisor of t and 14?
14
Suppose -136 = -13*b + 2659. Calculate the highest common factor of 25 and b.
5
Suppose 14 + 13 = 9*j. Suppose 0 = -j*y + 4*y + 3, 2*y = z - 195. What is the highest common divisor of 7 and z?
7
Let h be 1095/105 + (-36)/84. Calculate the highest common factor of h and 3935.
5
Suppose 9*r - 21 = 96. Suppose r*m = 5*m + 336. Calculate the greatest common factor of m and 147.
21
Suppose 0*f + 4*f - 24 = 0. Let y = -7112 + 7134. Calculate the greatest common divisor of f and y.
2
Let p = -9 - -23. Let l be (-20)/8 - (-2)/4. Let o be (-12)/54 + l + 38/9. What is the greatest common divisor of o and p?
2
Suppose -4*f - 5*u + 9 = -10*u, -5*u - 4 = f. Let o be (f + (-895)/10)*-4. Suppose -o = -y - 138. Calculate the greatest common factor of y and 27.
27
Suppose 5*d = -4*v + 428, -d - 170 + 270 = -4*v. What is the greatest common factor of 418 and d?
22
Let y = -1942 - -2843. Let f be 5/((-120)/(-16)) - y/(-3). What is the highest common factor of 43 and f?
43
Suppose 8*y - 7*y - 241 = -4*b, 4 = 4*y. Let k be 77/15 - (-4 - (-248)/b). Let s = 83 - -2. What is the highest common factor of s and k?
5
Let s be (-1020)/(-34) - (-1 - -4). What is the highest common divisor of 363 and s?
3
Let s = 4895 + -4712. Calculate the greatest common divisor of 305 and s.
61
Let n(r) = r**3 + 4*r**2 + 5*r + 7. Let z be n(-3). Let p = -15 + 20. Let t = p + z. What is the greatest common factor of t and 78?
6
Let m(i) = -28*i - 36. Let p be m(-2). What is the greatest common divisor of p and 220?
20
Let x(v) = v**3 + 14*v**2 + 47*v + 10. Let o be x(-8). Calculate the highest common divisor of 1854 and o.
18
Suppose d - 6 = -3. Let g(j) = -21*j + 267. Let r be g(12). Let l be r/d - (-85 - 9). Calculate the greatest common factor of l and 11.
11
Let n(a) = 48*a + 1140. Let s be n(-23). What is the highest common factor of s and 1212?
12
Let s(i) = -6*i + 26. Let j be s(6). Let o be (-2 - -8) + 9 + j. Suppose -2*p + 47 + o = 0. What is the highest common factor of p and 286?
26
Let x be 4/(-6) + 9/(-27). Let j(i) = -28*i + 21. Let c be j(x). What is the highest common divisor of c and 21?
7
Let c(u) = 57*u**3 - 2*u**2 - 6*u - 5. Let s be c(5). Suppose -10*b + s = 12*b. What is the greatest common factor of b and 5?
5
Suppose 25 + 79 = 4*s. Let c = -1 + 3. Let b be 2 + 29*4*c. Calculate the greatest common factor of b and s.
26
Let r = -393 - -420. Let j be (5 + (-1 - 6))/((-2)/r). Calculate the highest common factor of 18 and j.
9
Suppose 342*w = -140*w + 130*w + 10912. What is the highest common divisor of w and 3379?
31
Let l = 7 - -105. Let t = l - 67. Let u = 67 - t. What is the highest common divisor of 220 and u?
22
Suppose -3*v + 192 = 5*m, -4*m - 5*v + 181 - 30 = 0. Let 